{"id":8511,"date":"2022-09-01T16:01:32","date_gmt":"2022-09-01T16:01:32","guid":{"rendered":"http:\/\/nfc.plannertest.com\/empresas-profesionales\/julio-mazarico\/"},"modified":"2025-06-11T12:48:16","modified_gmt":"2025-06-11T12:48:16","slug":"julio-mazarico","status":"publish","type":"empresa-profesional","link":"https:\/\/www.navarrafilmindustry.com\/es\/empresas-profesionales\/julio-mazarico\/","title":{"rendered":"Julio Mazarico"},"content":{"rendered":"<p style=\"text-align: justify;\">Julio Mazarico es realizador, director, guionista, productor y montador de audiovisuales con sede en Tudela (Navarra). Desarrolla proyectos propios de ficci\u00f3n y documental, as\u00ed como cualquier tipo de proyecto audiovisual (publicidad, corporativos, documentales, cortometrajes, etc.) para todo tipo de empresas e instituciones p\u00fablicas y privadas.<\/p>\n<p style=\"text-align: justify;\">Asimismo desarrolla actividad en el campo de la formaci\u00f3n audiovisual para centros formativos p\u00fablicos y privados, universidades, centros de secundaria, etc. Tambi\u00e9n desarrolla trabajos de apoyo a producci\u00f3n y direcci\u00f3n para otras productoras en el t\u00e9rmino de Bardenas Reales. Posee un estudio en Tudela de m\u00e1s de 100 metros cuadrados en el que realiza sus labores de edici\u00f3n, postproducci\u00f3n y talleres formativos.<\/p>\n<p style=\"text-align: justify;\">Tambi\u00e9n es presidente del Cineclub Muskaria de Tudela, organizador del festival Opera Prima y de la Muestra de Cine Espa\u00f1ol desde hace m\u00e1s de 20 a\u00f1os.<\/p>\n<p>&nbsp;<\/p>\n<p><img loading=\"lazy\" decoding=\"async\" class=\"wp-image-6972 aligncenter\" src=\"https:\/\/www.navarrafilmindustry.com\/wp-content\/uploads\/2022\/09\/mazarico-julio-1-scaled.jpg\" alt=\"\" width=\"474\" height=\"148\" \/><\/p>\n","protected":false},"excerpt":{"rendered":"<p>Julio Mazarico es realizador, director, guionista, productor y montador de audiovisuales con sede en Tudela (Navarra). Desarrolla proyectos propios de ficci\u00f3n y documental, as\u00ed como cualquier tipo de proyecto audiovisual (publicidad, corporativos, documentales, cortometrajes, etc.) para todo tipo de empresas e instituciones p\u00fablicas y privadas. Asimismo desarrolla actividad en el campo de la formaci\u00f3n audiovisual para centros formativos p\u00fablicos y privados, universidades, centros de secundaria, etc. Tambi\u00e9n desarrolla trabajos de apoyo a producci\u00f3n y direcci\u00f3n para otras productoras en el t\u00e9rmino de Bardenas Reales. Posee un estudio en Tudela de m\u00e1s de 100 metros cuadrados en el que realiza sus labores de edici\u00f3n, postproducci\u00f3n y talleres formativos. Tambi\u00e9n es presidente del Cineclub Muskaria de Tudela, organizador del festival Opera Prima y de la Muestra de Cine Espa\u00f1ol desde hace m\u00e1s de 20 a\u00f1os. &nbsp;<\/p>\n","protected":false},"featured_media":8777,"parent":0,"template":"","class_list":{"0":"post-8511","1":"empresa-profesional","2":"type-empresa-profesional","3":"status-publish","4":"has-post-thumbnail","6":"categoria-guionista","7":"categoria-departamento-de-direccion","8":"categoria-direccion","9":"categoria-profesionales","10":"categoria-montaje","11":"categoria-departamento-de-postproduccion-profesionales","12":"categoria-guion"},"acf":[],"yoast_head":"<!-- This site is optimized with the Yoast SEO plugin v23.7 - https:\/\/yoast.com\/wordpress\/plugins\/seo\/ -->\n<title>Julio Mazarico - NFI<\/title>\n<meta name=\"robots\" content=\"index, follow, max-snippet:-1, max-image-preview:large, max-video-preview:-1\" \/>\n<link rel=\"canonical\" href=\"https:\/\/www.navarrafilmindustry.com\/es\/empresas-profesionales\/julio-mazarico\/\" \/>\n<meta property=\"og:locale\" content=\"es_ES\" \/>\n<meta property=\"og:type\" content=\"article\" \/>\n<meta property=\"og:title\" content=\"Julio Mazarico - NFI\" \/>\n<meta property=\"og:description\" content=\"Julio Mazarico es realizador, director, guionista, productor y montador de audiovisuales con sede en Tudela (Navarra). Desarrolla proyectos propios de ficci\u00f3n y documental, as\u00ed como cualquier tipo de proyecto audiovisual (publicidad, corporativos, documentales, cortometrajes, etc.) para todo tipo de empresas e instituciones p\u00fablicas y privadas. Asimismo desarrolla actividad en el campo de la formaci\u00f3n audiovisual para centros formativos p\u00fablicos y privados, universidades, centros de secundaria, etc. Tambi\u00e9n desarrolla trabajos de apoyo a producci\u00f3n y direcci\u00f3n para otras productoras en el t\u00e9rmino de Bardenas Reales. Posee un estudio en Tudela de m\u00e1s de 100 metros cuadrados en el que realiza sus labores de edici\u00f3n, postproducci\u00f3n y talleres formativos. Tambi\u00e9n es presidente del Cineclub Muskaria de Tudela, organizador del festival Opera Prima y de la Muestra de Cine Espa\u00f1ol desde hace m\u00e1s de 20 a\u00f1os. &nbsp;\" \/>\n<meta property=\"og:url\" content=\"https:\/\/www.navarrafilmindustry.com\/es\/empresas-profesionales\/julio-mazarico\/\" \/>\n<meta property=\"og:site_name\" content=\"NFI\" \/>\n<meta property=\"article:modified_time\" content=\"2025-06-11T12:48:16+00:00\" \/>\n<meta property=\"og:image\" content=\"https:\/\/www.navarrafilmindustry.com\/wp-content\/uploads\/2022\/09\/mazarico-julio-1-scaled.jpg\" \/>\n\t<meta property=\"og:image:width\" content=\"2560\" \/>\n\t<meta property=\"og:image:height\" content=\"799\" \/>\n\t<meta property=\"og:image:type\" content=\"image\/jpeg\" \/>\n<meta name=\"twitter:card\" content=\"summary_large_image\" \/>\n<meta name=\"twitter:label1\" content=\"Tiempo de lectura\" \/>\n\t<meta name=\"twitter:data1\" content=\"2 minutos\" \/>\n<script type=\"application\/ld+json\" class=\"yoast-schema-graph\">{\"@context\":\"https:\/\/schema.org\",\"@graph\":[{\"@type\":\"WebPage\",\"@id\":\"https:\/\/www.navarrafilmindustry.com\/es\/empresas-profesionales\/julio-mazarico\/\",\"url\":\"https:\/\/www.navarrafilmindustry.com\/es\/empresas-profesionales\/julio-mazarico\/\",\"name\":\"Julio Mazarico - NFI\",\"isPartOf\":{\"@id\":\"https:\/\/www.navarrafilmindustry.com\/eu\/#website\"},\"primaryImageOfPage\":{\"@id\":\"https:\/\/www.navarrafilmindustry.com\/es\/empresas-profesionales\/julio-mazarico\/#primaryimage\"},\"image\":{\"@id\":\"https:\/\/www.navarrafilmindustry.com\/es\/empresas-profesionales\/julio-mazarico\/#primaryimage\"},\"thumbnailUrl\":\"https:\/\/www.navarrafilmindustry.com\/wp-content\/uploads\/2022\/09\/mazarico-julio-1-scaled.jpg\",\"datePublished\":\"2022-09-01T16:01:32+00:00\",\"dateModified\":\"2025-06-11T12:48:16+00:00\",\"breadcrumb\":{\"@id\":\"https:\/\/www.navarrafilmindustry.com\/es\/empresas-profesionales\/julio-mazarico\/#breadcrumb\"},\"inLanguage\":\"es\",\"potentialAction\":[{\"@type\":\"ReadAction\",\"target\":[\"https:\/\/www.navarrafilmindustry.com\/es\/empresas-profesionales\/julio-mazarico\/\"]}]},{\"@type\":\"ImageObject\",\"inLanguage\":\"es\",\"@id\":\"https:\/\/www.navarrafilmindustry.com\/es\/empresas-profesionales\/julio-mazarico\/#primaryimage\",\"url\":\"https:\/\/www.navarrafilmindustry.com\/wp-content\/uploads\/2022\/09\/mazarico-julio-1-scaled.jpg\",\"contentUrl\":\"https:\/\/www.navarrafilmindustry.com\/wp-content\/uploads\/2022\/09\/mazarico-julio-1-scaled.jpg\",\"width\":2560,\"height\":799},{\"@type\":\"BreadcrumbList\",\"@id\":\"https:\/\/www.navarrafilmindustry.com\/es\/empresas-profesionales\/julio-mazarico\/#breadcrumb\",\"itemListElement\":[{\"@type\":\"ListItem\",\"position\":1,\"name\":\"Portada\",\"item\":\"https:\/\/www.navarrafilmindustry.com\/es\/\"},{\"@type\":\"ListItem\",\"position\":2,\"name\":\"Empresas y profesionales\",\"item\":\"https:\/\/www.navarrafilmindustry.com\/es\/empresas-profesionales\/\"},{\"@type\":\"ListItem\",\"position\":3,\"name\":\"Julio Mazarico\"}]},{\"@type\":\"WebSite\",\"@id\":\"https:\/\/www.navarrafilmindustry.com\/eu\/#website\",\"url\":\"https:\/\/www.navarrafilmindustry.com\/eu\/\",\"name\":\"NFI\",\"description\":\"\",\"potentialAction\":[{\"@type\":\"SearchAction\",\"target\":{\"@type\":\"EntryPoint\",\"urlTemplate\":\"https:\/\/www.navarrafilmindustry.com\/eu\/?s={search_term_string}\"},\"query-input\":{\"@type\":\"PropertyValueSpecification\",\"valueRequired\":true,\"valueName\":\"search_term_string\"}}],\"inLanguage\":\"es\"}]}<\/script>\n<!-- \/ Yoast SEO plugin. -->","yoast_head_json":{"title":"Julio Mazarico - NFI","robots":{"index":"index","follow":"follow","max-snippet":"max-snippet:-1","max-image-preview":"max-image-preview:large","max-video-preview":"max-video-preview:-1"},"canonical":"https:\/\/www.navarrafilmindustry.com\/es\/empresas-profesionales\/julio-mazarico\/","og_locale":"es_ES","og_type":"article","og_title":"Julio Mazarico - NFI","og_description":"Julio Mazarico es realizador, director, guionista, productor y montador de audiovisuales con sede en Tudela (Navarra). Desarrolla proyectos propios de ficci\u00f3n y documental, as\u00ed como cualquier tipo de proyecto audiovisual (publicidad, corporativos, documentales, cortometrajes, etc.) para todo tipo de empresas e instituciones p\u00fablicas y privadas. Asimismo desarrolla actividad en el campo de la formaci\u00f3n audiovisual para centros formativos p\u00fablicos y privados, universidades, centros de secundaria, etc. Tambi\u00e9n desarrolla trabajos de apoyo a producci\u00f3n y direcci\u00f3n para otras productoras en el t\u00e9rmino de Bardenas Reales. Posee un estudio en Tudela de m\u00e1s de 100 metros cuadrados en el que realiza sus labores de edici\u00f3n, postproducci\u00f3n y talleres formativos. Tambi\u00e9n es presidente del Cineclub Muskaria de Tudela, organizador del festival Opera Prima y de la Muestra de Cine Espa\u00f1ol desde hace m\u00e1s de 20 a\u00f1os. &nbsp;","og_url":"https:\/\/www.navarrafilmindustry.com\/es\/empresas-profesionales\/julio-mazarico\/","og_site_name":"NFI","article_modified_time":"2025-06-11T12:48:16+00:00","og_image":[{"width":2560,"height":799,"url":"https:\/\/www.navarrafilmindustry.com\/wp-content\/uploads\/2022\/09\/mazarico-julio-1-scaled.jpg","type":"image\/jpeg"}],"twitter_card":"summary_large_image","twitter_misc":{"Tiempo de lectura":"2 minutos"},"schema":{"@context":"https:\/\/schema.org","@graph":[{"@type":"WebPage","@id":"https:\/\/www.navarrafilmindustry.com\/es\/empresas-profesionales\/julio-mazarico\/","url":"https:\/\/www.navarrafilmindustry.com\/es\/empresas-profesionales\/julio-mazarico\/","name":"Julio Mazarico - NFI","isPartOf":{"@id":"https:\/\/www.navarrafilmindustry.com\/eu\/#website"},"primaryImageOfPage":{"@id":"https:\/\/www.navarrafilmindustry.com\/es\/empresas-profesionales\/julio-mazarico\/#primaryimage"},"image":{"@id":"https:\/\/www.navarrafilmindustry.com\/es\/empresas-profesionales\/julio-mazarico\/#primaryimage"},"thumbnailUrl":"https:\/\/www.navarrafilmindustry.com\/wp-content\/uploads\/2022\/09\/mazarico-julio-1-scaled.jpg","datePublished":"2022-09-01T16:01:32+00:00","dateModified":"2025-06-11T12:48:16+00:00","breadcrumb":{"@id":"https:\/\/www.navarrafilmindustry.com\/es\/empresas-profesionales\/julio-mazarico\/#breadcrumb"},"inLanguage":"es","potentialAction":[{"@type":"ReadAction","target":["https:\/\/www.navarrafilmindustry.com\/es\/empresas-profesionales\/julio-mazarico\/"]}]},{"@type":"ImageObject","inLanguage":"es","@id":"https:\/\/www.navarrafilmindustry.com\/es\/empresas-profesionales\/julio-mazarico\/#primaryimage","url":"https:\/\/www.navarrafilmindustry.com\/wp-content\/uploads\/2022\/09\/mazarico-julio-1-scaled.jpg","contentUrl":"https:\/\/www.navarrafilmindustry.com\/wp-content\/uploads\/2022\/09\/mazarico-julio-1-scaled.jpg","width":2560,"height":799},{"@type":"BreadcrumbList","@id":"https:\/\/www.navarrafilmindustry.com\/es\/empresas-profesionales\/julio-mazarico\/#breadcrumb","itemListElement":[{"@type":"ListItem","position":1,"name":"Portada","item":"https:\/\/www.navarrafilmindustry.com\/es\/"},{"@type":"ListItem","position":2,"name":"Empresas y profesionales","item":"https:\/\/www.navarrafilmindustry.com\/es\/empresas-profesionales\/"},{"@type":"ListItem","position":3,"name":"Julio Mazarico"}]},{"@type":"WebSite","@id":"https:\/\/www.navarrafilmindustry.com\/eu\/#website","url":"https:\/\/www.navarrafilmindustry.com\/eu\/","name":"NFI","description":"","potentialAction":[{"@type":"SearchAction","target":{"@type":"EntryPoint","urlTemplate":"https:\/\/www.navarrafilmindustry.com\/eu\/?s={search_term_string}"},"query-input":{"@type":"PropertyValueSpecification","valueRequired":true,"valueName":"search_term_string"}}],"inLanguage":"es"}]}},"_links":{"self":[{"href":"https:\/\/www.navarrafilmindustry.com\/es\/wp-json\/wp\/v2\/empresa-profesional\/8511"}],"collection":[{"href":"https:\/\/www.navarrafilmindustry.com\/es\/wp-json\/wp\/v2\/empresa-profesional"}],"about":[{"href":"https:\/\/www.navarrafilmindustry.com\/es\/wp-json\/wp\/v2\/types\/empresa-profesional"}],"wp:featuredmedia":[{"embeddable":true,"href":"https:\/\/www.navarrafilmindustry.com\/es\/wp-json\/wp\/v2\/media\/8777"}],"wp:attachment":[{"href":"https:\/\/www.navarrafilmindustry.com\/es\/wp-json\/wp\/v2\/media?parent=8511"}],"curies":[{"name":"wp","href":"https:\/\/api.w.org\/{rel}","templated":true}]}}

<p style="text-align: justify;">Julio Mazarico es realizador, director, guionista, productor y montador de audiovisuales con sede en Tudela (Navarra). Desarrolla proyectos propios de ficción y documental, así como cualquier tipo de proyecto audiovisual (publicidad, corporativos, documentales, cortometrajes, etc.) para todo tipo de empresas e instituciones públicas y privadas.</p>
<p style="text-align: justify;">Asimismo desarrolla actividad en el campo de la formación audiovisual para centros formativos públicos y privados, universidades, centros de secundaria, etc. También desarrolla trabajos de apoyo a producción y dirección para otras productoras en el término de Bardenas Reales. Posee un estudio en Tudela de más de 100 metros cuadrados en el que realiza sus labores de edición, postproducción y talleres formativos.</p>
<p style="text-align: justify;">También es presidente del Cineclub Muskaria de Tudela, organizador del festival Opera Prima y de la Muestra de Cine Español desde hace más de 20 años.</p>
<p>&nbsp;</p>
<p><img loading="lazy" decoding="async" class="wp-image-6972 aligncenter" src="https://www.navarrafilmindustry.com/wp-content/uploads/2022/09/mazarico-julio-1-scaled.jpg" alt="" width="474" height="148" /></p>

<p>Julio Mazarico es realizador, director, guionista, productor y montador de audiovisuales con sede en Tudela (Navarra). Desarrolla proyectos propios de ficción y documental, así como cualquier tipo de proyecto audiovisual (publicidad, corporativos, documentales, cortometrajes, etc.) para todo tipo de empresas e instituciones públicas y privadas. Asimismo desarrolla actividad en el campo de la formación audiovisual para centros formativos públicos y privados, universidades, centros de secundaria, etc. También desarrolla trabajos de apoyo a producción y dirección para otras productoras en el término de Bardenas Reales. Posee un estudio en Tudela de más de 100 metros cuadrados en el que realiza sus labores de edición, postproducción y talleres formativos. También es presidente del Cineclub Muskaria de Tudela, organizador del festival Opera Prima y de la Muestra de Cine Español desde hace más de 20 años. &nbsp;</p>

<!-- This site is optimized with the Yoast SEO plugin v23.7 - https://yoast.com/wordpress/plugins/seo/ -->
<title>Julio Mazarico - NFI</title>
<meta name="robots" content="index, follow, max-snippet:-1, max-image-preview:large, max-video-preview:-1" />
<link rel="canonical" href="https://www.navarrafilmindustry.com/es/empresas-profesionales/julio-mazarico/" />
<meta property="og:locale" content="es_ES" />
<meta property="og:type" content="article" />
<meta property="og:title" content="Julio Mazarico - NFI" />
<meta property="og:description" content="Julio Mazarico es realizador, director, guionista, productor y montador de audiovisuales con sede en Tudela (Navarra). Desarrolla proyectos propios de ficción y documental, así como cualquier tipo de proyecto audiovisual (publicidad, corporativos, documentales, cortometrajes, etc.) para todo tipo de empresas e instituciones públicas y privadas. Asimismo desarrolla actividad en el campo de la formación audiovisual para centros formativos públicos y privados, universidades, centros de secundaria, etc. También desarrolla trabajos de apoyo a producción y dirección para otras productoras en el término de Bardenas Reales. Posee un estudio en Tudela de más de 100 metros cuadrados en el que realiza sus labores de edición, postproducción y talleres formativos. También es presidente del Cineclub Muskaria de Tudela, organizador del festival Opera Prima y de la Muestra de Cine Español desde hace más de 20 años. &nbsp;" />
<meta property="og:url" content="https://www.navarrafilmindustry.com/es/empresas-profesionales/julio-mazarico/" />
<meta property="og:site_name" content="NFI" />
<meta property="article:modified_time" content="2025-06-11T12:48:16+00:00" />
<meta property="og:image" content="https://www.navarrafilmindustry.com/wp-content/uploads/2022/09/mazarico-julio-1-scaled.jpg" />
	<meta property="og:image:width" content="2560" />
	<meta property="og:image:height" content="799" />
	<meta property="og:image:type" content="image/jpeg" />
<meta name="twitter:card" content="summary_large_image" />
<meta name="twitter:label1" content="Tiempo de lectura" />
	<meta name="twitter:data1" content="2 minutos" />
<script type="application/ld+json" class="yoast-schema-graph">{"@context":"https://schema.org","@graph":[{"@type":"WebPage","@id":"https://www.navarrafilmindustry.com/es/empresas-profesionales/julio-mazarico/","url":"https://www.navarrafilmindustry.com/es/empresas-profesionales/julio-mazarico/","name":"Julio Mazarico - NFI","isPartOf":{"@id":"https://www.navarrafilmindustry.com/eu/#website"},"primaryImageOfPage":{"@id":"https://www.navarrafilmindustry.com/es/empresas-profesionales/julio-mazarico/#primaryimage"},"image":{"@id":"https://www.navarrafilmindustry.com/es/empresas-profesionales/julio-mazarico/#primaryimage"},"thumbnailUrl":"https://www.navarrafilmindustry.com/wp-content/uploads/2022/09/mazarico-julio-1-scaled.jpg","datePublished":"2022-09-01T16:01:32+00:00","dateModified":"2025-06-11T12:48:16+00:00","breadcrumb":{"@id":"https://www.navarrafilmindustry.com/es/empresas-profesionales/julio-mazarico/#breadcrumb"},"inLanguage":"es","potentialAction":[{"@type":"ReadAction","target":["https://www.navarrafilmindustry.com/es/empresas-profesionales/julio-mazarico/"]}]},{"@type":"ImageObject","inLanguage":"es","@id":"https://www.navarrafilmindustry.com/es/empresas-profesionales/julio-mazarico/#primaryimage","url":"https://www.navarrafilmindustry.com/wp-content/uploads/2022/09/mazarico-julio-1-scaled.jpg","contentUrl":"https://www.navarrafilmindustry.com/wp-content/uploads/2022/09/mazarico-julio-1-scaled.jpg","width":2560,"height":799},{"@type":"BreadcrumbList","@id":"https://www.navarrafilmindustry.com/es/empresas-profesionales/julio-mazarico/#breadcrumb","itemListElement":[{"@type":"ListItem","position":1,"name":"Portada","item":"https://www.navarrafilmindustry.com/es/"},{"@type":"ListItem","position":2,"name":"Empresas y profesionales","item":"https://www.navarrafilmindustry.com/es/empresas-profesionales/"},{"@type":"ListItem","position":3,"name":"Julio Mazarico"}]},{"@type":"WebSite","@id":"https://www.navarrafilmindustry.com/eu/#website","url":"https://www.navarrafilmindustry.com/eu/","name":"NFI","description":"","potentialAction":[{"@type":"SearchAction","target":{"@type":"EntryPoint","urlTemplate":"https://www.navarrafilmindustry.com/eu/?s={search_term_string}"},"query-input":{"@type":"PropertyValueSpecification","valueRequired":true,"valueName":"search_term_string"}}],"inLanguage":"es"}]}</script>
<!-- / Yoast SEO plugin. -->

Julio Mazarico es realizador, director, guionista, productor y montador de audiovisuales con sede en Tudela (Navarra). Desarrolla proyectos propios de ficción y documental, así como cualquier tipo de proyecto audiovisual (publicidad, corporativos, documentales, cortometrajes, etc.) para todo tipo de empresas e instituciones públicas y privadas. Asimismo desarrolla actividad en el campo de la formación audiovisual para centros formativos públicos y privados, universidades, centros de secundaria, etc. También desarrolla trabajos de apoyo a producción y dirección para otras productoras en el término de Bardenas Reales. Posee un estudio en Tudela de más de 100 metros cuadrados en el que realiza sus labores de edición, postproducción y talleres formativos. También es presidente del Cineclub Muskaria de Tudela, organizador del festival Opera Prima y de la Muestra de Cine Español desde hace más de 20 años. &nbsp;
